1. Let w(l) = 49 - l**2 - l - 18 - f. Give w(g).
9
Suppose 0 = -2*k + 12 - 0. Let a(s) be the second derivative of -1/12*s**4 - s - 3*s**2 + 3/2*s**3 + 0. What is a(k)?
12
Let s(p) = -2*p - 4. Let j(o) = -4*o - 8. Suppose 3*f + f = 12. Let v(l) = f*j(l) - 5*s(l). What is v(3)?
-10
Let m(n) be the third derivative of 0 + 0*n**4 + 1/6*n**3 + 0*n - 1/60*n**5 - 12*n**2 - 1/24*n**6. Determine m(1).
-5
Let h(q) = q**3 + 5*q**2 + 4*q + 1. Let k(w) = -w**2 + 11*w + 15. Let a be k(11). Let r = -12 + a. Suppose -6*g - r = -5*g. What is h(g)?
7
Let t(u) be the second derivative of u**4/2 - u**3/6 - u**2 + 5*u + 3. Calculate t(2).
20
Let v(u) = -46 - u - 52 + 99. Calculate v(1).
0
Let g be 38*4/32 - (-24)/(-32). Let v(x) be the first derivative of 2*x**3 - 9*x - x**2 + 1/4*x**g - 6. Determine v(-6).
3
Suppose -18*d + 15*d = -51. Suppose 2*g = d*g - 90. Let o(x) = -x**3 + 7*x**2 - 3*x. Determine o(g).
18
Let b = -4 - 0. Let w(h) = h**2 - 3*h. Let c(v) = v**2 - 9*v - 4. Let k(z) = c(z) - 2*w(z). Determine k(b).
-8
Let k(v) = 5 + 7 - v + 1 - 19 + 2*v. What is k(7)?
1
Let l be (-12 - -15)*(-2)/(-3). Let d(b) = -61*b**l - 4*b**3 - 56*b**2 + 118*b**2. Determine d(1).
-3
Let t(f) = -47*f**2 + 11*f. Let b(c) = 24*c**2 - 5*c. Suppose -2*u = 8, -r - r + 6 = 3*u. Let j(i) = r*b(i) + 4*t(i). Give j(1).
27
Let a = 43 + -40. Let w(b) = b - a - 1 + 3*b. What is w(-3)?
-16
Let z(x) = -x**3 - 8*x**2 + x - 4. Let c be ((-36)/(-45))/((-2)/20). Give z(c).
-12
Let n = -324 + 318. Let i(g) = g + 13. What is i(n)?
7
Let d(n) = 12*n**2 - 26*n**2 - 2 - 2 + 0 + 9*n + 15*n**2. What is d(-13)?
48
Let n(r) = -r**2 + r - 2. Let i(v) = -2*v**3 + 5*v**2 - 6*v + 7. Let o be i(3). Let t = o - -23. What is n(t)?
-8
Let c(d) = d**3 + 5*d**2 - 6*d + 5. Suppose 5*a + 15 = -0*a, -2*b = a + 15. Give c(b).
5
Let g(n) be the third derivative of -n**6/120 + 7*n**5/60 - n**4/4 + 2*n**3/3 + n**2. Suppose 4*k - 32 = 2*y, -k + 2*y + 2 = -2*k. Determine g(k).
4
Let s(p) = 22 - 5*p**2 + 4*p**2 - 3*p**3 - 22. Calculate s(-1).
2
Suppose 4*i - 1 = 7. Let u(x) be the third derivative of 1/8*x**4 - 1/6*x**3 + 0*x + 3*x**i + 0. Calculate u(-3).
-10
Let n(i) = -i**2 + 8*i + 27. Let k(q) = -q**2 + 9*q + 26. Let a(x) = 6*k(x) - 5*n(x). What is a(15)?
6
Let g = -6 - -17. Let t(q) = -12*q - 2 + 2 + g*q. Let b(z) = -z**3 - 4*z**2 - 3*z - 1. Let d be b(-2). Calculate t(d).
3
Let k(w) = 5*w**2 - 1. Let z be k(-1). Let i(y) = 7 - z + 8*y - 3*y + y**2. What is i(-4)?
-1
Let h(g) = g - 3. Let k(j) = j**2 - 15*j + 14. Let c(m) = -6*h(m) - k(m). Suppose 4*n - 42 = -3*o + o, -5*o - 30 = -5*n. What is c(n)?
4
Let y = -452 + 302. Let m = -146 - y. Let x(j) = j**3 + 6 - 4*j - j**2 - 2*j - 2*j**2. Give x(m).
-2
Let d(o) = -o + 7. Let r be d(3). Let k(p) = 41*p + 0 + r - 42*p. Give k(5).
-1
Let k(f) = -f**2 - 5*f + 4. Let y(g) be the first derivative of 3*g**2 + 7*g + 1. Let t = -686 + 684. Let d be y(t). Give k(d).
4
Let d(u) = -10*u - 11. Let a(w) = 7*w + 7. Let f(t) = -7*a(t) - 5*d(t). What is f(-8)?
-2
Let u be (1 - 6/(-3)) + (-24)/(-6). Let b(d) = -2*d. What is b(u)?
-14
Let g(j) = -j**3 + 7*j**2 - 5*j - 7. Let u(f) = -15*f**2 - f**3 - 2*f + 11*f**2 + 6 + 5*f**2. Let v be u(0). Determine g(v).
-1
Let x(a) = a**3 - 6*a**2 + 6*a - 5. Let p(w) = w**3 - w + 1. Let z(c) = -8*c**3 + c. Let n(s) = -2*p(s) - z(s). Let v be n(1). Calculate x(v).
0
Suppose 0 = 3*l + 12 - 0, 4*x + 5*l = -8. Let z(d) be the second derivative of d**4/12 - 3*d**2/2 - 86*d - 1. Give z(x).
6
Let x = 28 - 24. Let a(n) = n**2 - 2*n - 8. Let p be a(x). Suppose p = 5*b - 3*b. Let z(g) = -g**2 + 1. What is z(b)?
1
Let o be 6 + -6 + 1*5. Let v(y) = -y**2 + 4*y + 5. Let s be v(o). Suppose 8 = 2*d - 2*g, s = -d - g - 3*g - 11. Let u(t) = 11*t**2 - 1. Determine u(d).
10
Let c(r) be the first derivative of -12 - 3/2*r**2 - 3*r. Calculate c(-2).
3
Let j(g) be the third derivative of g**5/60 - 7*g**4/24 + 2*g**3 - 87*g**2. Determine j(7).
12
Let w(z) = 29. Let l(o) = o - 27. Let b(g) = 5*l(g) + 4*w(g). Calculate b(13).
46
Let w(y) = -y**3 - 8*y**2 - 4. Let o = -25 + 26. Let r(p) = -8*p**3 - p**2 - p + 2. Let q be r(o). Determine w(q).
-4
Let t(s) be the second derivative of 0*s**3 + 1/12*s**4 - 1/5*s**5 - 11*s + 0 + 0*s**2. Determine t(-1).
5
Let s(f) = f**3 - 18*f**2 - f + 28. Let p = 1825 + -1807. Determine s(p).
10
Let l(h) = -h**2 - h - 5. Suppose 2*t - t = i - 4, -5*i = t - 26. Suppose -5 = 2*z - 5*q, 4*q = -i*z - 0*q + 4. Give l(z).
-5
Suppose -14*l + 655 = 585. Let x(o) = 2*o**3 + o + 2*o**2 - o**3 - 6 - 7*o**2. Calculate x(l).
-1
Let d(g) = 0 - 336*g + 680*g + 2 - 345*g. Give d(-5).
7
Let p(w) be the first derivative of -4*w + 6 - 1/12*w**4 + 3/2*w**2 - 1/6*w**3. Let h(o) be the first derivative of p(o). What is h(-3)?
-3
Let z = -2 + 5. Suppose -7*a - 7 = -0. Let v(m) = 4*m**2 - 4*m + 6. Let c(l) = -l**2 - 1. Let s(x) = a*v(x) - 3*c(x). Calculate s(z).
0
Let a(o) = -4*o - 14. Let q be a(-7). Let z(j) = 2*j - q + 4 + 8 + 6. Give z(-6).
-8
Let b(r) = r. Let q(g) = g**2 - 2*g - 3. Let j(s) = 3*b(s) + q(s). Let w = 47 + -50. Determine j(w).
3
Let r(l) = l**2 - 3*l - 9. Let t(m) = -m**2 + 2*m + 8. Let f(c) = 5*r(c) + 6*t(c). Suppose 2*k - a - 4 = -3*a, 0 = -a. Calculate f(k).
-7
Let x(c) be the third derivative of c**6/120 + c**5/12 + c**4/8 - c**3/2 - 3*c**2 + 4*c. Calculate x(-3).
6
Let w(i) = -13 - 14*i + 4*i + i + 7*i + 12*i. Let s(a) = a**3 - 6*a**2 + a. Let g be s(6). Let d(o) = -5*o + 7. Let l(u) = g*w(u) + 11*d(u). Calculate l(3).
14
Let w(i) be the second derivative of 0 + 3*i + 1/3*i**4 + 2/3*i**3 - 1/20*i**5 + i**2. What is w(5)?
-3
Let p = 1516 - 1508. Let u(q) = -q**3 + 9*q**2 - 3*q - 12. What is u(p)?
28
Let f(c) = -c - 9. Suppose 0 = 5*x - 17 - 83. Let v = 145 - 132. Let l = v - x. Determine f(l).
-2
Suppose 4*c = c. Let q(g) = -g**2 - 3*g - 3. Let r be q(-1). Let w be ((-2)/(-2))/(r - c). Let t(l) = -l**3 - l**2 + 1. Determine t(w).
1
Let w(o) be the first derivative of -o**2/2 + 5*o - 1. Let y(f) = -147*f - 1768. Let t be y(-12). What is w(t)?
9
Let d(m) = -3*m - 2. Let n(a) = 7*a - 17. Let u be n(4). Suppose -q + u = 14. Calculate d(q).
7
Let j = -1787 + 1786. Let l(i) be the second derivative of 4/3*i**3 - 1/2*i**2 + i + 0. Determine l(j).
-9
Let m(i) be the second derivative of i**4/12 - 5*i**2/2 + 169*i. Give m(0).
-5
Let b(y) = y**3 - 8*y**2 + 7*y + 4. Let c be (-9 + (-78)/(-18))/((-4)/6). Determine b(c).
4
Let f(r) = -11*r + 7. Suppose -4*p + 22 = 6. Let x(u) = -32*u + 20. Let o(w) = p*x(w) - 11*f(w). Calculate o(2).
-11
Let z(r) = 28*r**3 + 3*r**2 - r + 5. Let i(n) = -26*n**3 - 2*n**2 + n - 4. Let j(s) = 5*i(s) + 4*z(s). Suppose 3 - 2 = -m. Calculate j(m).
19
Let z(w) = -45*w - 230. Let y be z(-5). Let q(k) = -k**2 + 5*k + 3. Give q(y).
-47
Let q(p) be the third derivative of -p**6/120 + p**5/60 + p**3/6 + 1572*p**2. Let i(g) = g**2. Let r be i(0). What is q(r)?
1
Let j = -24 + 48. Let l = -10 + j. Let b(g) = l + 3*g - 15 - 4*g. Give b(4).
-5
Let q = 6 - 12. Let v(d) = 3*d + 4. Let c(w) = -2*w + 2. Let t(i) = i - 1. Let y(u) = 6*c(u) + 11*t(u). Let b(m) = -v(m) - 2*y(m). Determine b(q).
0
Suppose 5*w = 7*z - 3*z - 26, -2*w - 3*z = -8. Let h be (5/w)/(2/4). Let b(i) be the first derivative of -i**4/4 - 2*i**3 - 2*i**2 + 6*i - 378. Calculate b(h).
1
Let s = -653 + 657. Let v = -22 - -15. Let j be s/(-2 + 6)*v. Let r(z) = z + 10. What is r(j)?
3
Let x(g) = g**2 + 11*g + 10. Suppose z + 0*o + 17 = 2*o, 4*z + 33 = o. Calculate x(z).
-18
Let c(f) = 4*f**2 - 5*f + 1. Let l(q) = -17*q**2 + 19*q - 4. Let r(x) = -9*c(x) - 2*l(x). What is r(5)?
-16
Let a be 23/69 + (-544)/(-6). Let d(t) = t**2 + a + 92 - 190. What is d(0)?
-7
Let p(q) = 9*q**2 - 1 + 1 + 8 - 5*q - 2*q. Let k(a) = -26*a**2 + 20*a - 23. Let i(z) = 6*k(z) + 17*p(z). Calculate i(2).
-12
Suppose o - 6*o = 2*f - 1, 3*f = o + 10. Let h(y) = -y + 1. Let t(k) = -k**2 + 11*k - 10. Let d be 1*-2*(6/(-4) - -2). Let c(u) = d*t(u) + o*h(u). Give c(6).
-15
Suppose 8 = -22*h + 26*h. Let i be (-2)/5 - (-111)/15. Suppose -16 = 2*v - 5*a, -v + 7 = -h*a + i*a. Let b(t) = t**2 - 3. Determine b(v).
6
Let v(d) = d**2 + 15*d + 25. Let m be v(-2). Let a(u) = -3*u**2 - 1. What is a(m)?
-4
Let f(d) = d**3 + 9*d**2 + d + 4. Let p be f(-9). Let x(a) = -a**3 + 2*a - 1 + 2*a - 4*a**2 + 0*a**3. What is x(p)?
4
